 of 12297?
2
What is the ten thousands digit of 15359?
1
What is the tens digit of 292?
9
What is the units digit of 7095?
5
What is the tens digit of 2117?
1
What is the tens digit of 21958?
5
What is the tens digit of 2921?
2
What is the hundreds digit of 356?
3
What is the thousands digit of 12656?
2
What is the units digit of 737?
7
What is the tens digit of 5926?
2
What is the thousands digit of 9701?
9
What is the tens digit of 785?
8
What is the hundreds digit of 6910?
9
What is the tens digit of 1264?
6
What is the tens digit of 10492?
9
What is the ten thousands digit of 31378?
3
What is the units digit of 972?
2
What is the tens digit of 39701?
0
What is the hundreds digit of 16955?
9
What is the tens digit of 2609?
0
What is the hundreds digit of 2203?
2
What is the units digit of 710?
0
What is the units digit of 121552?
2
What is the tens digit of 2529?
2
What is the tens digit of 7406?
0
What is the hundreds digit of 23637?
6
What is the tens digit of 27562?
6
What is the tens digit of 2700?
0
What is the units digit of 4542?
2
What is the thousands digit of 22793?
2
What is the tens digit of 68?
6
What is the tens digit of 52269?
6
What is the tens digit of 55486?
8
What is the units digit of 22578?
8
What is the hundreds digit of 15833?
8
What is the hundreds digit of 456?
4
What is the thousands digit of 7945?
7
What is the units digit of 7963?
3
What is the hundreds digit of 378?
3
What is the units digit of 497?
7
What is the hundreds digit of 1401?
4
What is the hundreds digit of 4097?
0
What is the ten thousands digit of 78824?
7
What is the units digit of 936?
6
What is the thousands digit of 78320?
8
What is the tens digit of 3955?
5
What is the tens digit of 8748?
4
What is the units digit of 5883?
3
What is the tens digit of 56442?
4
What is the units digit of 1006?
6
What is the units digit of 11679?
9
What is the thousands digit of 4158?
4
What is the hundreds digit of 71580?
5
What is the tens digit of 856?
5
What is the tens digit of 1331?
3
What is the thousands digit of 16426?
6
What is the units digit of 1686?
6
What is the tens digit of 25424?
2
What is the units digit of 791?
1
What is the thousands digit of 3688?
3
What is the hundreds digit of 13915?
9
What is the hundreds digit of 145797?
7
What is the tens digit of 114?
1
What is the hundreds digit of 720?
7
What is the tens digit of 6674?
7
What is the ten thousands digit of 12871?
1
What is the thousands digit of 3895?
3
What is the thousands digit of 9697?
9
What is the units digit of 9341?
1
What is the tens digit of 985?
8
What is the tens digit of 1912?
1
What is the ten thousands digit of 41852?
4
What is the units digit of 488?
8
What is the ten thousands digit of 64933?
6
What is the hundreds digit of 5686?
6
What is the thousands digit of 77322?
7
What is the units digit of 63018?
8
What is the thousands digit of 1121?
1
What is the tens digit of 7621?
2
What is the units digit of 36809?
9
What is the units digit of 521?
1
What is the units digit of 63997?
7
What is the tens digit of 154522?
2
What is the tens digit of 4505?
0
What is the hundreds digit of 51799?
7
What is the thousands digit of 1499?
1
What is the thousands digit of 3387?
3
What is the hundreds digit of 2696?
6
What is the hundreds digit of 481?
4
What is the tens digit of 20131?
3
What is the hundreds digit of 42625?
6
What is the tens digit of 523?
2
What is the units digit of 673?
3
What is the hundreds digit of 8806?
8
What is the thousands digit of 1612?
1
What is the thousands digit of 10939?
0
What is the tens digit of 7324?
2
What is the tens digit of 34114?
1
What is the units digit of 6666?
6
What is the thousands digit of 8997?
8
What is the units digit of 7016?
6
What is the ten thousands digit of 12485?
1
What is the tens digit of 7888?
8
What is the hundreds digit of 59843?
8
What is the units digit of 8854?
4
What is the thousands digit of 22090?
2
What is the tens digit of 20094?
9
What is the units digit of 8630?
0
What is the tens digit of 20879?
7
What is the thousands digit of 1090?
1
What is the units digit of 811?
1
What is the thousands digit of 87499?
7
What is the ten thousands digit of 61315?
6
What is the units digit of 20582?
2
What is the thousands digit of 43050?
3
What is the tens digit of 3071?
7
What is the thousands digit of 20178?
0
What is the hundreds digit of 11798?
7
What is the thousands digit of 85382?
5
What is the thousands digit of 2100?
2
What is the hundreds digit of 76521?
5
What is the thousands digit of 51923?
1
What is the tens digit of 14753?
5
What is the thousands digit of 2420?
2
What is the thousands digit of 1325?
1
What is the thousands digit of 3116?
3
What is the tens digit of 27852?
5
What is the units digit of 716?
6
What is the units digit of 9606?
6
What is the units digit of 6476?
6
What is the hundreds digit of 1309?
3
What is the units digit of 572?
2
What is the tens digit of 3260?
6
What is the units digit of 45872?
2
What is the units digit of 2452?
2
What is the tens digit of 8291?
9
What is the hundreds digit of 4262?
2
What is the thousands digit of 17053?
7
What is the thousands digit of 6773?
6
What is the tens digit of 5968?
6
What is the units digit of 1559?
9
What is the hundreds digit of 324?
3
What is the tens digit of 91032?
3
What is the hundreds digit of 482?
4
What is the hundred thousands digit of 149638?
1
What is the hundreds digit of 1452?
4
What is the thousands digit of 170692?
0
What is the tens digit of 14509?
0
What is the tens digit of 6794?
9
What is the tens digit of 207?
0
What is the ten thousands digit of 40626?
4
What is the hundreds digit of 144698?
6
What is the units digit of 28073?
3
What is the tens digit of 380?
8
What is the tens digit of 919?
1
What is the tens digit of 73414?
1
What is the thousands digit of 1122?
1
What is the units digit of 17806?
6
What is the tens digit of 116853?
5
What is the ten thousands digit of 66994?
6
What is the tens digit of 3716?
1
What is the tens digit of 3757?
5
What is the units digit of 2167?
7
What is the units digit of 1458?
8
What is the thousands digit of 29778?
9
What is the units digit of 20303?
3
What is the ten thousands digit of 14549?
1
What is the thousands digit of 2526?
2
What is the hundreds digit of 1253?
2
What is the thousands digit of 9258?
9
What is the thousands digit of 1626?
1
What is the thousands digit of 52971?
2
What is the thousands digit of 10416?
0
What is the hundreds digit of 717?
7
What is the tens digit of 226?
2
What is the tens digit of 8592?
9
What is the tens digit of 646?
4
What is the thousands digit of 20496?
0
What is the units digit of 1998?
8
What is the units digit of 6320?
0
What is the hundreds digit of 18825?
8
What is the units digit of 6160?
0
What is the hundreds digit of 597?
5
What is the tens digit of 10819?
1
What is the tens digit of 1616?
1
What is the ten thousands digit of 11242?
1
What is the hundreds digit of 2247?
2
What is the units digit of 6432?
2
What is the hundreds digit of 7223?
2
What is the units digit of 96?
6
What is the hundreds digit of 8351?
3
What is the tens digit of 3368?
6
What is the tens digit of 427?
2
What is the tens digit of 884?
8
What is the units digit of 213?
3
What is the units digit of 9698?
8
What is the hundreds digit of 2032?
0
What is the hundreds digit of 2607?
6
What is the thousands digit of 23289?
3
What is the hundreds digit of 3401?
4
What is the ten thousands digit of 70438?
7
What is the units digit of 15199?
9
What is the units digit of 5631?
1
What is the hundreds digit of 27533?
5
What is the thousands digit of 36953?
6
What is the hundreds digit of 94927?
9
What is the hundreds digit of 6018?
0
What is the units digit of 59014?
4
What is the units digit of 26103?
3
What is the units digit of 982?
2
What is the units digit of 415?
5
What is the hundreds digit of 2850?
8
What is the tens digit of 29415?
1
What is the units digit of 79?
9
What is the units digit of 2084?
4
What is the hundreds digit of 6769?
7
What is the hundreds digit of 906?
9
What is the units digit of 505?
5
What is the hundreds digit of 869?
8
What is the hundreds digit of 25414?
4
What is the thousands digit of 1100?
1
What is the units digit of 63552?
2
W